r when 2888716 is divided by 4578?
4576
What is the remainder when 42340 is divided by 116?
0
Calculate the remainder when 30346 is divided by 705.
31
Calculate the remainder when 47091 is divided by 9408.
51
What is the remainder when 636870339 is divided by 41?
37
Calculate the remainder when 755136 is divided by 336.
144
What is the remainder when 1127350 is divided by 563658?
34
What is the remainder when 18472508 is divided by 1113?
47
Calculate the remainder when 71683 is divided by 133.
129
Calculate the remainder when 4816637 is divided by 815.
802
What is the remainder when 225515 is divided by 75139?
98
Calculate the remainder when 263950 is divided by 52759.
155
Calculate the remainder when 105621 is divided by 341.
252
What is the remainder when 7607441 is divided by 111874?
9
Calculate the remainder when 1322462 is divided by 109.
74
What is the remainder when 46414642 is divided by 3039?
3034
Calculate the remainder when 30633 is divided by 112.
57
What is the remainder when 7617469 is divided by 2999?
9
What is the remainder when 31025391 is divided by 101390?
51
What is the remainder when 2729411 is divided by 3029?
282
Calculate the remainder when 3881970 is divided by 98.
92
Calculate the remainder when 34551 is divided by 5553.
1233
Calculate the remainder when 584250598 is divided by 292125295.
8
Calculate the remainder when 2997560 is divided by 6155.
75
Calculate the remainder when 20010739 is divided by 150.
139
What is the remainder when 1188829 is divided by 694?
7
What is the remainder when 15505615 is divided by 223?
202
Calculate the remainder when 233153235 is divided by 23.
4
What is the remainder when 217808383 is divided by 31?
27
Calculate the remainder when 1531740 is divided by 17.
6
What is the remainder when 33917859 is divided by 2962?
2959
Calculate the remainder when 1426979 is divided by 977.
559
What is the remainder when 80130 is divided by 11379?
477
What is the remainder when 34810 is divided by 4686?
2008
What is the remainder when 371186722 is divided by 7?
4
Calculate the remainder when 13955202 is divided by 34888.
2
What is the remainder when 14294 is divided by 3537?
146
Calculate the remainder when 2262361 is divided by 56.
17
What is the remainder when 74497544 is divided by 6980?
4
What is the remainder when 22983076 is divided by 83?
44
Calculate the remainder when 59407651 is divided by 1364.
1359
Calculate the remainder when 8356238 is divided by 1671242.
28
What is the remainder when 7151266 is divided by 446953?
18
What is the remainder when 101880 is divided by 50896?
88
Calculate the remainder when 215355 is divided by 106661.
2033
What is the remainder when 41234 is divided by 19467?
2300
Calculate the remainder when 862847 is divided by 3852.
3851
Calculate the remainder when 254525137 is divided by 5049.
5047
What is the remainder when 598104 is divided by 107?
81
Calculate the remainder when 433847 is divided by 108420.
167
Calculate the remainder when 831458 is divided by 28670.
28
What is the remainder when 529853513 is divided by 1723?
1722
What is the remainder when 274477 is divided by 15?
7
What is the remainder when 12163265 is divided by 194?
47
What is the remainder when 267365924 is divided by 379?
374
What is the remainder when 41576 is divided by 572?
392
What is the remainder when 56794449 is divided by 759?
756
What is the remainder when 1276973 is divided by 106?
97
What is the remainder when 4669615 is divided by 1987?
165
Calculate the remainder when 244752 is divided by 81356.
684
Calculate the remainder when 1398736 is divided by 665.
241
What is the remainder when 29392 is divided by 4883?
94
What is the remainder when 37489652 is divided by 4165516?
8
Calculate the remainder when 65871 is divided by 1232.
575
Calculate the remainder when 577512 is divided by 1169.
26
What is the remainder when 436718 is divided by 1733?
2
What is the remainder when 380357 is divided by 95061?
113
What is the remainder when 5013623 is divided by 5836?
499
What is the remainder when 107513 is divided by 867?
5
What is the remainder when 249803354 is divided by 95?
94
Calculate the remainder when 170609 is divided by 152.
65
Calculate the remainder when 43136 is divided by 13921.
1373
Calculate the remainder when 1087660 is divided by 40283.
19
What is the remainder when 15194218 is divided by 47?
11
Calculate the remainder when 684993 is divided by 299.
283
Calculate the remainder when 1402896 is divided by 9620.
7996
Calculate the remainder when 3535257 is divided by 2835.
12
Calculate the remainder when 5741599 is divided by 302.
277
What is the remainder when 51866193 is divided by 4959?
12
What is the remainder when 8998 is divided by 2784?
646
Calculate the remainder when 136382479 is divided by 80.
79
Calculate the remainder when 23606762 is divided by 46470.
2
Calculate the remainder when 1666177 is divided by 51.
7
Calculate the remainder when 78742 is divided by 25693.
1663
What is the remainder when 1011496 is divided by 28088?
328
What is the remainder when 343634 is divided by 2311?
1606
What is the remainder when 13502 is divided by 3346?
118
What is the remainder when 244911 is divided by 80537?
3300
What is the remainder when 17692773 is divided by 94?
93
Calculate the remainder when 34579336 is divided by 21.
1
What is the remainder when 155494952 is divided by 2101283?
10
Calculate the remainder when 72858 is divided by 18212.
10
What is the remainder when 1969109 is divided by 4?
1
Calculate the remainder when 153855 is divided by 165.
75
What is the remainder when 2492578 is divided by 667?
666
Calculate the remainder when 676141 is divided by 112169.
3127
Calculate the remainder when 1267829 is divided by 6112.
2645
Calculate the remainder when 1289281 is divided by 30.
1
Calculate the remainder when 187965 is divided by 144.
45
What is the remainder when 49856 is divided by 24868?
120
Calculate the remainder when 687146 is divided by 247.
239
What is the remainder when 876522 is divided by 1276?
1186
What is the remainder when 1570560 is divided by 523516?
12
Calculate the remainder when 9504162 is divided by 118802.
2
Calculate the remainder when 692655 is divided by 69260.
55
What is the remainder when 3027459 is divided by 378429?
27
Calculate the remainder when 1647986 is divided by 120.
26
What is the remainder when 6905084 is divided by 288?
284
Calculate the remainder when 735866 is divided by 367817.
232
Calculate the remainder when 20557733 is divided by 148969.
11
What is the remainder when 5086744 is divided by 1695544?
112
What is the remainder when 130898594 is divided by 950?
944
Calculate the remainder when 14281 is divided by 2817.
196
Calculate the remainder when 1040534 is divided by 3689.
236
Calculate the remainder when 3836949 is divided by 395.
314
What is the remainder when 176374 is divided by 3034?
402
Calculate the remainder when 3344371 is divided by 11.
8
Calculate the remainder when 13740919 is divided by 1461.
214
What is the remainder when 1087478 is divided by 71?
42
Calculate the remainder when 54570 is divided by 26719.
1132
Calculate the remainder when 1934498 is divided by 3418.
3328
Calculate the remainder when 411711 is divided by 13276.
155
Calculate the remainder when 39065 is divided by 11409.
4838
Calculate the remainder when 1290547 is divided by 258100.
47
What is the remainder when 55501485 is divided by 336?
333
Calculate the remainder when 339490 is divided by 118.
4
What is the remainder when 7229936 is divided by 1032835?
91
What is the remainder when 12337801 is divided by 19?
18
Calculate the remainder when 232791 is divided by 15.
6
Calculate the remainder when 449534 is divided by 112362.
86
What is the remainder when 25975250 is divided by 17?
15
Calculate the remainder when 4672527 is divided by 1609.
1600
What is the remainder when 3057049 is divided by 3057046?
3
Calculate the remainder when 385742 is divided by 1213.
8
Calculate the remainder when 13193158 is divided by 1082.
332
What is the remainder when 3806807 is divided by 4?
3
What is the remainder when 38900238 is divided by 3158?
3152
What is the remainder when 5816940 is divided by 875?
815
Calculate the remainder when 81548608 is divid